{"id":6121,"date":"2023-01-26T23:10:38","date_gmt":"2023-01-27T02:10:38","guid":{"rendered":"https:\/\/umblogqualquer.com.br\/?page_id=6121"},"modified":"2023-02-15T10:50:44","modified_gmt":"2023-02-15T13:50:44","slug":"ofertas-amazon","status":"publish","type":"page","link":"https:\/\/umblogqualquer.com.br\/index.php\/ofertas-amazon\/","title":{"rendered":"Ofertas Amazon"},"content":{"rendered":"\t\t<div data-elementor-type=\"wp-page\" data-elementor-id=\"6121\" class=\"elementor elementor-6121\">\n\t\t\t\t\t\t<section class=\"elementor-section elementor-top-section elementor-element elementor-element-f34e3e4 elementor-section-boxed elementor-section-height-default elementor-section-height-default\" data-id=\"f34e3e4\" data-element_type=\"section\" data-e-type=\"section\">\n\t\t\t\t\t\t<div class=\"elementor-container elementor-column-gap-default\">\n\t\t\t\t\t<div class=\"elementor-column elementor-col-100 elementor-top-column elementor-element elementor-element-1df1903\" data-id=\"1df1903\" data-element_type=\"column\" data-e-type=\"column\">\n\t\t\t<div class=\"elementor-widget-wrap elementor-element-populated\">\n\t\t\t\t\t\t<div class=\"elementor-element elementor-element-ff24888 elementor-widget elementor-widget-text-editor\" data-id=\"ff24888\" data-element_type=\"widget\" data-e-type=\"widget\" data-widget_type=\"text-editor.default\">\n\t\t\t\t<div class=\"elementor-widget-container\">\n\t\t\t\t\t\t\t\t\t<h1>\u00a0Ofertas Amazon<\/h1><p>A Amazon Brasil \u00e9 um dos maiores e-commerces do Brasil e do mundo. E ali voc\u00ea pode encontrar uma variedade enorme de produtos e servi\u00e7os que facilitam o seus dia. Esta \u00e9 nossa p\u00e1gina de sele\u00e7\u00e3o de ofertas que acreditamos que possam ser de seu interesse. S\u00e3o links seguros para compra de produtos diretamente no site da Amazon.\u00a0<\/p><p>Ao clicar nestes links, voc\u00ea n\u00e3o paga nada a mais por isso, mas caso voc\u00ea efetue alguma compra por eles, uma pequena comiss\u00e3o \u00e9 gerada para n\u00f3s do UBQ. E estas comiss\u00f5es nos ajudam com as despesas que temos com a produ\u00e7\u00e3o dos nossos conte\u00fados.<\/p><p><a href=\"https:\/\/amzn.to\/3HC37dm\">Conhe\u00e7a tamb\u00e9m os benef\u00edcios de ser um cliente Amazon Prime<\/a>, voc\u00ea tem acesso a ofertas, entregas com frete gr\u00e1tis, al\u00e9m do Prime Video, Amazon Music Prime, Prime Games e Prime Reading.\u00a0<\/p>\t\t\t\t\t\t\t\t<\/div>\n\t\t\t\t<\/div>\n\t\t\t\t\t<\/div>\n\t\t<\/div>\n\t\t\t\t\t<\/div>\n\t\t<\/section>\n\t\t\t\t<section class=\"elementor-section elementor-top-section elementor-element elementor-element-bb6283c elementor-section-boxed elementor-section-height-default elementor-section-height-default\" data-id=\"bb6283c\" data-element_type=\"section\" data-e-type=\"section\">\n\t\t\t\t\t\t<div class=\"elementor-container elementor-column-gap-default\">\n\t\t\t\t\t<div class=\"elementor-column elementor-col-100 elementor-top-column elementor-element elementor-element-82b58b8\" data-id=\"82b58b8\" data-element_type=\"column\" data-e-type=\"column\">\n\t\t\t<div class=\"elementor-widget-wrap elementor-element-populated\">\n\t\t\t\t\t\t<div class=\"elementor-element elementor-element-608bdb9 elementor-widget elementor-widget-html\" data-id=\"608bdb9\" data-element_type=\"widget\" data-e-type=\"widget\" data-widget_type=\"html.default\">\n\t\t\t\t<div class=\"elementor-widget-container\">\n\t\t\t\t\t<div align=\"center\">\r\n<table width=\"100%\">\r\n\r\n<tr>\r\n<td width=\"25%\">\r\n<iframe sandbox=\"allow-popups allow-scripts allow-modals allow-forms allow-same-origin\" style=\"width:120px;height:240px;\" marginwidth=\"0\" marginheight=\"0\" scrolling=\"no\" frameborder=\"0\" src=\"\/\/ws-na.amazon-adsystem.com\/widgets\/q?ServiceVersion=20070822&OneJS=1&Operation=GetAdHtml&MarketPlace=BR&source=ss&ref=as_ss_li_til&ad_type=product_link&tracking_id=ricardoubq-20&language=pt_BR&marketplace=amazon&region=BR&placement=B091G767YB&asins=B091G767YB&linkId=ab002c66e5fcfbb354dcaa5872c270ac&show_border=true&link_opens_in_new_window=true\"><\/iframe>\r\n<\/td>\r\n<td width=\"25%\">\r\n<iframe sandbox=\"allow-popups allow-scripts allow-modals allow-forms allow-same-origin\" style=\"width:120px;height:240px;\" marginwidth=\"0\" marginheight=\"0\" scrolling=\"no\" frameborder=\"0\" src=\"\/\/ws-na.amazon-adsystem.com\/widgets\/q?ServiceVersion=20070822&OneJS=1&Operation=GetAdHtml&MarketPlace=BR&source=ss&ref=as_ss_li_til&ad_type=product_link&tracking_id=ricardoubq-20&language=pt_BR&marketplace=amazon&region=BR&placement=B08KGWJDRZ&asins=B08KGWJDRZ&linkId=79f14f52fbbdd18edf3d4f98d247ced3&show_border=true&link_opens_in_new_window=true\"><\/iframe>\r\n<\/td>\r\n<td width=\"25%\">\r\n<iframe sandbox=\"allow-popups allow-scripts allow-modals allow-forms allow-same-origin\" style=\"width:120px;height:240px;\" marginwidth=\"0\" marginheight=\"0\" scrolling=\"no\" frameborder=\"0\" src=\"\/\/ws-na.amazon-adsystem.com\/widgets\/q?ServiceVersion=20070822&OneJS=1&Operation=GetAdHtml&MarketPlace=BR&source=ss&ref=as_ss_li_til&ad_type=product_link&tracking_id=ricardoubq-20&language=pt_BR&marketplace=amazon&region=BR&placement=B084DWCZY6&asins=B084DWCZY6&linkId=245b344eae5ee08c0ccbb26f040ace33&show_border=true&link_opens_in_new_window=true\"><\/iframe>\r\n<\/td>\r\n<td width=\"25%\">\r\n<iframe style=\"width:120px;height:240px;\" marginwidth=\"0\" marginheight=\"0\" scrolling=\"no\" frameborder=\"0\" src=\"\/\/ws-na.amazon-adsystem.com\/widgets\/q?ServiceVersion=20070822&OneJS=1&Operation=GetAdHtml&MarketPlace=BR&source=ss&ref=as_ss_li_til&ad_type=product_link&tracking_id=ricardoubq-20&language=pt_BR&marketplace=amazon&region=BR&placement=B082FTRR76&asins=B082FTRR76&linkId=b8dfaea14516818b155e80416f19822c&show_border=true&link_opens_in_new_window=true\"><\/iframe>\r\n<\/td>\r\n<\/tr>\r\n<tr>\r\n<td width=\"25%\"><iframe sandbox=\"allow-popups allow-scripts allow-modals allow-forms allow-same-origin\" style=\"width:120px;height:240px;\" marginwidth=\"0\" marginheight=\"0\" scrolling=\"no\" frameborder=\"0\" src=\"\/\/ws-na.amazon-adsystem.com\/widgets\/q?ServiceVersion=20070822&OneJS=1&Operation=GetAdHtml&MarketPlace=BR&source=ss&ref=as_ss_li_til&ad_type=product_link&tracking_id=ricardoubq-20&language=pt_BR&marketplace=amazon&region=BR&placement=B09SWTG9GF&asins=B09SWTG9GF&linkId=29e912ce8f462771740048dc0aa53afd&show_border=true&link_opens_in_new_window=true\"><\/iframe><\/td>\r\n<td width=\"25%\"><iframe sandbox=\"allow-popups allow-scripts allow-modals allow-forms allow-same-origin\" style=\"width:120px;height:240px;\" marginwidth=\"0\" marginheight=\"0\" scrolling=\"no\" frameborder=\"0\" src=\"\/\/ws-na.amazon-adsystem.com\/widgets\/q?ServiceVersion=20070822&OneJS=1&Operation=GetAdHtml&MarketPlace=BR&source=ss&ref=as_ss_li_til&ad_type=product_link&tracking_id=ricardoubq-20&language=pt_BR&marketplace=amazon&region=BR&placement=B08N3J8GTX&asins=B08N3J8GTX&linkId=59523ae9bab9243aaeae3115918a1be1&show_border=true&link_opens_in_new_window=true\"><\/iframe><\/td>\r\n<td width=\"25%\"><iframe sandbox=\"allow-popups allow-scripts allow-modals allow-forms allow-same-origin\" style=\"width:120px;height:240px;\" marginwidth=\"0\" marginheight=\"0\" scrolling=\"no\" frameborder=\"0\" src=\"\/\/ws-na.amazon-adsystem.com\/widgets\/q?ServiceVersion=20070822&OneJS=1&Operation=GetAdHtml&MarketPlace=BR&source=ss&ref=as_ss_li_til&ad_type=product_link&tracking_id=ricardoubq-20&language=pt_BR&marketplace=amazon&region=BR&placement=B07PDHSJ1H&asins=B07PDHSJ1H&linkId=4576f824fcb1c9ad1bfece15041a3035&show_border=true&link_opens_in_new_window=true\"><\/iframe><\/td>\r\n<td width=\"25%\"><iframe sandbox=\"allow-popups allow-scripts allow-modals allow-forms allow-same-origin\" style=\"width:120px;height:240px;\" marginwidth=\"0\" marginheight=\"0\" scrolling=\"no\" frameborder=\"0\" src=\"\/\/ws-na.amazon-adsystem.com\/widgets\/q?ServiceVersion=20070822&OneJS=1&Operation=GetAdHtml&MarketPlace=BR&source=ss&ref=as_ss_li_til&ad_type=product_link&tracking_id=ricardoubq-20&language=pt_BR&marketplace=amazon&region=BR&placement=B085WTR4CP&asins=B085WTR4CP&linkId=3e252718192d5c21f1a5ccb02e078290&show_border=true&link_opens_in_new_window=true\"><\/iframe><\/td>\r\n<\/tr>\r\n<tr>\r\n<td width=\"25%\"><iframe sandbox=\"allow-popups allow-scripts allow-modals allow-forms allow-same-origin\" style=\"width:120px;height:240px;\" marginwidth=\"0\" marginheight=\"0\" scrolling=\"no\" frameborder=\"0\" src=\"\/\/ws-na.amazon-adsystem.com\/widgets\/q?ServiceVersion=20070822&OneJS=1&Operation=GetAdHtml&MarketPlace=BR&source=ss&ref=as_ss_li_til&ad_type=product_link&tracking_id=ricardoubq-20&language=pt_BR&marketplace=amazon&region=BR&placement=B08KFL3SFV&asins=B08KFL3SFV&linkId=7e16c42eccb16aa27ec66e627b7a6bd0&show_border=true&link_opens_in_new_window=true\"><\/iframe><\/td>\r\n<td width=\"25%\"><iframe sandbox=\"allow-popups allow-scripts allow-modals allow-forms allow-same-origin\" style=\"width:120px;height:240px;\" marginwidth=\"0\" marginheight=\"0\" scrolling=\"no\" frameborder=\"0\" src=\"\/\/ws-na.amazon-adsystem.com\/widgets\/q?ServiceVersion=20070822&OneJS=1&Operation=GetAdHtml&MarketPlace=BR&source=ss&ref=as_ss_li_til&ad_type=product_link&tracking_id=ricardoubq-20&language=pt_BR&marketplace=amazon&region=BR&placement=B07K986YLL&asins=B07K986YLL&linkId=cf4fc5a3460332916030dc05018920e6&show_border=true&link_opens_in_new_window=true\"><\/iframe><\/td>\r\n<td width=\"25%\"><iframe sandbox=\"allow-popups allow-scripts allow-modals allow-forms allow-same-origin\" style=\"width:120px;height:240px;\" marginwidth=\"0\" marginheight=\"0\" scrolling=\"no\" frameborder=\"0\" src=\"\/\/ws-na.amazon-adsystem.com\/widgets\/q?ServiceVersion=20070822&OneJS=1&Operation=GetAdHtml&MarketPlace=BR&source=ss&ref=as_ss_li_til&ad_type=product_link&tracking_id=ricardoubq-20&language=pt_BR&marketplace=amazon&region=BR&placement=B09H8DJBYP&asins=B09H8DJBYP&linkId=23cf76259c275bcbccab4948a238882a&show_border=true&link_opens_in_new_window=true\"><\/iframe><\/td>\r\n<td width=\"25%\"><iframe sandbox=\"allow-popups allow-scripts allow-modals allow-forms allow-same-origin\" style=\"width:120px;height:240px;\" marginwidth=\"0\" marginheight=\"0\" scrolling=\"no\" frameborder=\"0\" src=\"\/\/ws-na.amazon-adsystem.com\/widgets\/q?ServiceVersion=20070822&OneJS=1&Operation=GetAdHtml&MarketPlace=BR&source=ss&ref=as_ss_li_til&ad_type=product_link&tracking_id=ricardoubq-20&language=pt_BR&marketplace=amazon&region=BR&placement=B08QVBWR9X&asins=B08QVBWR9X&linkId=49b9ca1dc7f04e65254140e7c0772541&show_border=true&link_opens_in_new_window=true\"><\/iframe><\/td>\r\n<\/tr>\r\n<tr>\r\n<td width=\"25%\"><iframe sandbox=\"allow-popups allow-scripts allow-modals allow-forms allow-same-origin\" style=\"width:120px;height:240px;\" marginwidth=\"0\" marginheight=\"0\" scrolling=\"no\" frameborder=\"0\" src=\"\/\/ws-na.amazon-adsystem.com\/widgets\/q?ServiceVersion=20070822&OneJS=1&Operation=GetAdHtml&MarketPlace=BR&source=ss&ref=as_ss_li_til&ad_type=product_link&tracking_id=ricardoubq-20&language=pt_BR&marketplace=amazon&region=BR&placement=B08SC1SVQ8&asins=B08SC1SVQ8&linkId=03ad50bf6cd349a1079694ef429cf295&show_border=true&link_opens_in_new_window=true\"><\/iframe><\/td>\r\n<td width=\"25%\"><iframe sandbox=\"allow-popups allow-scripts allow-modals allow-forms allow-same-origin\" style=\"width:120px;height:240px;\" marginwidth=\"0\" marginheight=\"0\" scrolling=\"no\" frameborder=\"0\" src=\"\/\/ws-na.amazon-adsystem.com\/widgets\/q?ServiceVersion=20070822&OneJS=1&Operation=GetAdHtml&MarketPlace=BR&source=ss&ref=as_ss_li_til&ad_type=product_link&tracking_id=ricardoubq-20&language=pt_BR&marketplace=amazon&region=BR&placement=B08XY4KCZ3&asins=B08XY4KCZ3&linkId=243b3b863e7f3ebf3df038495702d14b&show_border=true&link_opens_in_new_window=true\"><\/iframe><\/td>\r\n<td width=\"25%\"><iframe sandbox=\"allow-popups allow-scripts allow-modals allow-forms allow-same-origin\" style=\"width:120px;height:240px;\" marginwidth=\"0\" marginheight=\"0\" scrolling=\"no\" frameborder=\"0\" src=\"\/\/ws-na.amazon-adsystem.com\/widgets\/q?ServiceVersion=20070822&OneJS=1&Operation=GetAdHtml&MarketPlace=BR&source=ss&ref=as_ss_li_til&ad_type=product_link&tracking_id=ricardoubq-20&language=pt_BR&marketplace=amazon&region=BR&placement=B09KNTBKMP&asins=B09KNTBKMP&linkId=9d04e33ca63c3362cdf36d7e0b880f70&show_border=true&link_opens_in_new_window=true\"><\/iframe><\/td>\r\n<td width=\"25%\"><iframe sandbox=\"allow-popups allow-scripts allow-modals allow-forms allow-same-origin\" style=\"width:120px;height:240px;\" marginwidth=\"0\" marginheight=\"0\" scrolling=\"no\" frameborder=\"0\" src=\"\/\/ws-na.amazon-adsystem.com\/widgets\/q?ServiceVersion=20070822&OneJS=1&Operation=GetAdHtml&MarketPlace=BR&source=ss&ref=as_ss_li_til&ad_type=product_link&tracking_id=ricardoubq-20&language=pt_BR&marketplace=amazon&region=BR&placement=B0B7K6YWS4&asins=B0B7K6YWS4&linkId=e6afbb35723842dedc9070540581c99b&show_border=true&link_opens_in_new_window=true\"><\/iframe><\/td>\r\n<\/tr>\r\n<tr>\r\n<td width=\"25%\"><\/td>\r\n<td width=\"25%\"><\/td>\r\n<td width=\"25%\"><\/td>\r\n<td width=\"25%\"><\/td>\r\n<\/tr>\r\n<\/table>\r\n<p align=\"justify\">Quer ver algum produto de seu interesse listado aqui? Entre em contato conosco, enviando um e-mail para contato@umblogqualquer.com.br com link da p\u00e1gina do produto na Amazon que se ele for bacana e pertinente, n\u00f3s criaremos o an\u00fancio aqui.<\/p>\r\n    \t\t\t\t<\/div>\n\t\t\t\t<\/div>\n\t\t\t\t\t<\/div>\n\t\t<\/div>\n\t\t\t\t\t<\/div>\n\t\t<\/section>\n\t\t\t\t<section class=\"elementor-section elementor-top-section elementor-element elementor-element-d2c9c15 elementor-section-boxed elementor-section-height-default elementor-section-height-default\" data-id=\"d2c9c15\" data-element_type=\"section\" data-e-type=\"section\">\n\t\t\t\t\t\t<div class=\"elementor-container elementor-column-gap-default\">\n\t\t\t\t\t<div class=\"elementor-column elementor-col-100 elementor-top-column elementor-element elementor-element-a58f4d0\" data-id=\"a58f4d0\" data-element_type=\"column\" data-e-type=\"column\">\n\t\t\t<div class=\"elementor-widget-wrap elementor-element-populated\">\n\t\t\t\t\t\t<div class=\"elementor-element elementor-element-2246748 elementor-widget elementor-widget-text-editor\" data-id=\"2246748\" data-element_type=\"widget\" data-e-type=\"widget\" data-widget_type=\"text-editor.default\">\n\t\t\t\t<div class=\"elementor-widget-container\">\n\t\t\t\t\t\t\t\t\t<h2><strong>Conhe\u00e7a tamb\u00e9m<\/strong><\/h2><ul><li><a href=\"https:\/\/www.primevideo.com\/storefront\/ref=nav_shopall_aiv_vid?merchId=RentBuy&amp;ie=UTF8&amp;_encoding=UTF8&amp;linkCode=ib1&amp;tag=ricardoubq-20&amp;linkId=36c83adf33112cbb6540ec60bbbe4035&amp;ref_=ihub_curatedcontent_3e093557-7071-4510-973b-ff729f57743c\">Agora voc\u00ea pode alugar os lan\u00e7amentos de cinema na Loja Prime Video!<\/a><\/li><li><a href=\"https:\/\/amzn.to\/3Jg3oUD\">Ganhe 30 dias GR\u00c1TIS de Amazon Music Unlimited!<\/a><\/li><li><a href=\"https:\/\/amzn.to\/3DkLOeB\">Conhe\u00e7a a nova loja de Livros Usados<\/a><\/li><li><a href=\"https:\/\/amzn.to\/3wALg08\">Monte seu PC Gamer<\/a><\/li><li><a href=\"https:\/\/amzn.to\/3XYAYmj\">Conhe\u00e7a o guia de compras para a casa inteligente<\/a><\/li><li><a href=\"https:\/\/amzn.to\/3RavoLq\">Celulares e Smartphones em oferta<\/a><\/li><li><a href=\"https:\/\/amzn.to\/3HdcRJP\">Livros mais vendidos na Amazon<\/a><\/li><li><a href=\"https:\/\/amzn.to\/3WGKVDO\">E-books gratuitos para voc\u00ea!<\/a><\/li><\/ul>\t\t\t\t\t\t\t\t<\/div>\n\t\t\t\t<\/div>\n\t\t\t\t\t<\/div>\n\t\t<\/div>\n\t\t\t\t\t<\/div>\n\t\t<\/section>\n\t\t\t\t<\/div>\n\t\t","protected":false},"excerpt":{"rendered":"<p>\u00a0Ofertas Amazon A Amazon Brasil \u00e9 um dos maiores e-commerces do Brasil e do mundo. E ali voc\u00ea pode encontrar uma variedade enorme de produtos&hellip;<\/p>\n","protected":false},"author":2,"featured_media":0,"parent":0,"menu_order":0,"comment_status":"closed","ping_status":"closed","template":"","meta":{"rop_custom_images_group":[],"rop_custom_messages_group":[],"rop_publish_now":"initial","rop_publish_now_accounts":{"twitter_2267886176_2267886176":"","facebook_6260826503938377_535350576571812":""},"rop_publish_now_history":[],"rop_publish_now_status":"pending","_monsterinsights_skip_tracking":false,"_monsterinsights_sitenote_active":false,"_monsterinsights_sitenote_note":"","_monsterinsights_sitenote_category":0,"footnotes":""},"class_list":["post-6121","page","type-page","status-publish","hentry"],"yoast_head":"<!-- This site is optimized with the Yoast SEO plugin v27.4 - https:\/\/yoast.com\/product\/yoast-seo-wordpress\/ -->\n<title>Ofertas Amazon - Um Blog Qualquer<\/title>\n<meta name=\"robots\" content=\"index, follow, max-snippet:-1, max-image-preview:large, max-video-preview:-1\" \/>\n<link rel=\"canonical\" href=\"https:\/\/umblogqualquer.com.br\/index.php\/ofertas-amazon\/\" \/>\n<meta property=\"og:locale\" content=\"pt_BR\" \/>\n<meta property=\"og:type\" content=\"article\" \/>\n<meta property=\"og:title\" content=\"Ofertas Amazon - Um Blog Qualquer\" \/>\n<meta property=\"og:description\" content=\"\u00a0Ofertas Amazon A Amazon Brasil \u00e9 um dos maiores e-commerces do Brasil e do mundo. E ali voc\u00ea pode encontrar uma variedade enorme de produtos&hellip;\" \/>\n<meta property=\"og:url\" content=\"https:\/\/umblogqualquer.com.br\/index.php\/ofertas-amazon\/\" \/>\n<meta property=\"og:site_name\" content=\"Um Blog Qualquer\" \/>\n<meta property=\"article:publisher\" content=\"http:\/\/www.facebook.com\/UmBlogQualquer\" \/>\n<meta property=\"article:modified_time\" content=\"2023-02-15T13:50:44+00:00\" \/>\n<meta name=\"twitter:card\" content=\"summary_large_image\" \/>\n<meta name=\"twitter:site\" content=\"@UmBlogQualquer\" \/>\n<meta name=\"twitter:label1\" content=\"Est. tempo de leitura\" \/>\n\t<meta name=\"twitter:data1\" content=\"2 minutos\" \/>\n<script type=\"application\/ld+json\" class=\"yoast-schema-graph\">{\"@context\":\"https:\\\/\\\/schema.org\",\"@graph\":[{\"@type\":\"WebPage\",\"@id\":\"https:\\\/\\\/umblogqualquer.com.br\\\/index.php\\\/ofertas-amazon\\\/\",\"url\":\"https:\\\/\\\/umblogqualquer.com.br\\\/index.php\\\/ofertas-amazon\\\/\",\"name\":\"Ofertas Amazon - Um Blog Qualquer\",\"isPartOf\":{\"@id\":\"https:\\\/\\\/umblogqualquer.com.br\\\/#website\"},\"datePublished\":\"2023-01-27T02:10:38+00:00\",\"dateModified\":\"2023-02-15T13:50:44+00:00\",\"breadcrumb\":{\"@id\":\"https:\\\/\\\/umblogqualquer.com.br\\\/index.php\\\/ofertas-amazon\\\/#breadcrumb\"},\"inLanguage\":\"pt-BR\",\"potentialAction\":[{\"@type\":\"ReadAction\",\"target\":[\"https:\\\/\\\/umblogqualquer.com.br\\\/index.php\\\/ofertas-amazon\\\/\"]}]},{\"@type\":\"BreadcrumbList\",\"@id\":\"https:\\\/\\\/umblogqualquer.com.br\\\/index.php\\\/ofertas-amazon\\\/#breadcrumb\",\"itemListElement\":[{\"@type\":\"ListItem\",\"position\":1,\"name\":\"In\u00edcio\",\"item\":\"https:\\\/\\\/umblogqualquer.com.br\\\/\"},{\"@type\":\"ListItem\",\"position\":2,\"name\":\"Ofertas Amazon\"}]},{\"@type\":\"WebSite\",\"@id\":\"https:\\\/\\\/umblogqualquer.com.br\\\/#website\",\"url\":\"https:\\\/\\\/umblogqualquer.com.br\\\/\",\"name\":\"Um Blog Qualquer\",\"description\":\"Opini\u00e3o, Informa\u00e7\u00e3o e Entretenimento\",\"publisher\":{\"@id\":\"https:\\\/\\\/umblogqualquer.com.br\\\/#organization\"},\"potentialAction\":[{\"@type\":\"SearchAction\",\"target\":{\"@type\":\"EntryPoint\",\"urlTemplate\":\"https:\\\/\\\/umblogqualquer.com.br\\\/?s={search_term_string}\"},\"query-input\":{\"@type\":\"PropertyValueSpecification\",\"valueRequired\":true,\"valueName\":\"search_term_string\"}}],\"inLanguage\":\"pt-BR\"},{\"@type\":\"Organization\",\"@id\":\"https:\\\/\\\/umblogqualquer.com.br\\\/#organization\",\"name\":\"Um Blog QUalquer\",\"url\":\"https:\\\/\\\/umblogqualquer.com.br\\\/\",\"logo\":{\"@type\":\"ImageObject\",\"inLanguage\":\"pt-BR\",\"@id\":\"https:\\\/\\\/umblogqualquer.com.br\\\/#\\\/schema\\\/logo\\\/image\\\/\",\"url\":\"https:\\\/\\\/umblogqualquer.com.br\\\/wp-content\\\/uploads\\\/2022\\\/06\\\/perfil-id-um-blog-qualquer.png\",\"contentUrl\":\"https:\\\/\\\/umblogqualquer.com.br\\\/wp-content\\\/uploads\\\/2022\\\/06\\\/perfil-id-um-blog-qualquer.png\",\"width\":1200,\"height\":1200,\"caption\":\"Um Blog QUalquer\"},\"image\":{\"@id\":\"https:\\\/\\\/umblogqualquer.com.br\\\/#\\\/schema\\\/logo\\\/image\\\/\"},\"sameAs\":[\"http:\\\/\\\/www.facebook.com\\\/UmBlogQualquer\",\"https:\\\/\\\/x.com\\\/UmBlogQualquer\",\"http:\\\/\\\/www.instagram.com\\\/1blogqualquer\",\"http:\\\/\\\/www.youtube.com\\\/UmBlogQualquer\"]}]}<\/script>\n<!-- \/ Yoast SEO plugin. -->","yoast_head_json":{"title":"Ofertas Amazon - Um Blog Qualquer","robots":{"index":"index","follow":"follow","max-snippet":"max-snippet:-1","max-image-preview":"max-image-preview:large","max-video-preview":"max-video-preview:-1"},"canonical":"https:\/\/umblogqualquer.com.br\/index.php\/ofertas-amazon\/","og_locale":"pt_BR","og_type":"article","og_title":"Ofertas Amazon - Um Blog Qualquer","og_description":"\u00a0Ofertas Amazon A Amazon Brasil \u00e9 um dos maiores e-commerces do Brasil e do mundo. E ali voc\u00ea pode encontrar uma variedade enorme de produtos&hellip;","og_url":"https:\/\/umblogqualquer.com.br\/index.php\/ofertas-amazon\/","og_site_name":"Um Blog Qualquer","article_publisher":"http:\/\/www.facebook.com\/UmBlogQualquer","article_modified_time":"2023-02-15T13:50:44+00:00","twitter_card":"summary_large_image","twitter_site":"@UmBlogQualquer","twitter_misc":{"Est. tempo de leitura":"2 minutos"},"schema":{"@context":"https:\/\/schema.org","@graph":[{"@type":"WebPage","@id":"https:\/\/umblogqualquer.com.br\/index.php\/ofertas-amazon\/","url":"https:\/\/umblogqualquer.com.br\/index.php\/ofertas-amazon\/","name":"Ofertas Amazon - Um Blog Qualquer","isPartOf":{"@id":"https:\/\/umblogqualquer.com.br\/#website"},"datePublished":"2023-01-27T02:10:38+00:00","dateModified":"2023-02-15T13:50:44+00:00","breadcrumb":{"@id":"https:\/\/umblogqualquer.com.br\/index.php\/ofertas-amazon\/#breadcrumb"},"inLanguage":"pt-BR","potentialAction":[{"@type":"ReadAction","target":["https:\/\/umblogqualquer.com.br\/index.php\/ofertas-amazon\/"]}]},{"@type":"BreadcrumbList","@id":"https:\/\/umblogqualquer.com.br\/index.php\/ofertas-amazon\/#breadcrumb","itemListElement":[{"@type":"ListItem","position":1,"name":"In\u00edcio","item":"https:\/\/umblogqualquer.com.br\/"},{"@type":"ListItem","position":2,"name":"Ofertas Amazon"}]},{"@type":"WebSite","@id":"https:\/\/umblogqualquer.com.br\/#website","url":"https:\/\/umblogqualquer.com.br\/","name":"Um Blog Qualquer","description":"Opini\u00e3o, Informa\u00e7\u00e3o e Entretenimento","publisher":{"@id":"https:\/\/umblogqualquer.com.br\/#organization"},"potentialAction":[{"@type":"SearchAction","target":{"@type":"EntryPoint","urlTemplate":"https:\/\/umblogqualquer.com.br\/?s={search_term_string}"},"query-input":{"@type":"PropertyValueSpecification","valueRequired":true,"valueName":"search_term_string"}}],"inLanguage":"pt-BR"},{"@type":"Organization","@id":"https:\/\/umblogqualquer.com.br\/#organization","name":"Um Blog QUalquer","url":"https:\/\/umblogqualquer.com.br\/","logo":{"@type":"ImageObject","inLanguage":"pt-BR","@id":"https:\/\/umblogqualquer.com.br\/#\/schema\/logo\/image\/","url":"https:\/\/umblogqualquer.com.br\/wp-content\/uploads\/2022\/06\/perfil-id-um-blog-qualquer.png","contentUrl":"https:\/\/umblogqualquer.com.br\/wp-content\/uploads\/2022\/06\/perfil-id-um-blog-qualquer.png","width":1200,"height":1200,"caption":"Um Blog QUalquer"},"image":{"@id":"https:\/\/umblogqualquer.com.br\/#\/schema\/logo\/image\/"},"sameAs":["http:\/\/www.facebook.com\/UmBlogQualquer","https:\/\/x.com\/UmBlogQualquer","http:\/\/www.instagram.com\/1blogqualquer","http:\/\/www.youtube.com\/UmBlogQualquer"]}]}},"_links":{"self":[{"href":"https:\/\/umblogqualquer.com.br\/index.php\/wp-json\/wp\/v2\/pages\/6121","targetHints":{"allow":["GET"]}}],"collection":[{"href":"https:\/\/umblogqualquer.com.br\/index.php\/wp-json\/wp\/v2\/pages"}],"about":[{"href":"https:\/\/umblogqualquer.com.br\/index.php\/wp-json\/wp\/v2\/types\/page"}],"author":[{"embeddable":true,"href":"https:\/\/umblogqualquer.com.br\/index.php\/wp-json\/wp\/v2\/users\/2"}],"replies":[{"embeddable":true,"href":"https:\/\/umblogqualquer.com.br\/index.php\/wp-json\/wp\/v2\/comments?post=6121"}],"version-history":[{"count":17,"href":"https:\/\/umblogqualquer.com.br\/index.php\/wp-json\/wp\/v2\/pages\/6121\/revisions"}],"predecessor-version":[{"id":6140,"href":"https:\/\/umblogqualquer.com.br\/index.php\/wp-json\/wp\/v2\/pages\/6121\/revisions\/6140"}],"wp:attachment":[{"href":"https:\/\/umblogqualquer.com.br\/index.php\/wp-json\/wp\/v2\/media?parent=6121"}],"curies":[{"name":"wp","href":"https:\/\/api.w.org\/{rel}","templated":true}]}}