{"id":6564,"date":"2023-02-14T13:18:18","date_gmt":"2023-02-14T16:18:18","guid":{"rendered":"https:\/\/umblogqualquer.com.br\/?page_id=6564"},"modified":"2024-10-30T22:00:30","modified_gmt":"2024-10-31T01:00:30","slug":"elementor-6564","status":"publish","type":"page","link":"https:\/\/umblogqualquer.com.br\/index.php\/elementor-6564\/","title":{"rendered":"Direitos Autorais"},"content":{"rendered":"\t\t<div data-elementor-type=\"wp-page\" data-elementor-id=\"6564\" class=\"elementor elementor-6564\">\n\t\t\t\t\t\t<section class=\"elementor-section elementor-top-section elementor-element elementor-element-3581ee4 elementor-section-boxed elementor-section-height-default elementor-section-height-default\" data-id=\"3581ee4\" data-element_type=\"section\" data-e-type=\"section\">\n\t\t\t\t\t\t<div class=\"elementor-container elementor-column-gap-default\">\n\t\t\t\t\t<div class=\"elementor-column elementor-col-100 elementor-top-column elementor-element elementor-element-34ee77f\" data-id=\"34ee77f\" data-element_type=\"column\" data-e-type=\"column\">\n\t\t\t<div class=\"elementor-widget-wrap elementor-element-populated\">\n\t\t\t\t\t\t<div class=\"elementor-element elementor-element-a3767bb elementor-widget elementor-widget-image\" data-id=\"a3767bb\" data-element_type=\"widget\" data-e-type=\"widget\" data-widget_type=\"image.default\">\n\t\t\t\t<div class=\"elementor-widget-container\">\n\t\t\t\t\t\t\t\t\t\t\t\t\t\t\t<img fetchpriority=\"high\" decoding=\"async\" width=\"960\" height=\"320\" src=\"https:\/\/umblogqualquer.com.br\/wp-content\/uploads\/2024\/10\/institucional-capa_pagina-copyright1.png\" class=\"attachment-full size-full wp-image-8222\" alt=\"\" srcset=\"https:\/\/umblogqualquer.com.br\/wp-content\/uploads\/2024\/10\/institucional-capa_pagina-copyright1.png 960w, https:\/\/umblogqualquer.com.br\/wp-content\/uploads\/2024\/10\/institucional-capa_pagina-copyright1-300x100.png 300w, https:\/\/umblogqualquer.com.br\/wp-content\/uploads\/2024\/10\/institucional-capa_pagina-copyright1-768x256.png 768w\" sizes=\"(max-width: 960px) 100vw, 960px\" \/>\t\t\t\t\t\t\t\t\t\t\t\t\t\t\t<\/div>\n\t\t\t\t<\/div>\n\t\t\t\t\t<\/div>\n\t\t<\/div>\n\t\t\t\t\t<\/div>\n\t\t<\/section>\n\t\t\t\t<section class=\"elementor-section elementor-top-section elementor-element elementor-element-2aa24e1 elementor-section-boxed elementor-section-height-default elementor-section-height-default\" data-id=\"2aa24e1\" data-element_type=\"section\" data-e-type=\"section\">\n\t\t\t\t\t\t<div class=\"elementor-container elementor-column-gap-default\">\n\t\t\t\t\t<div class=\"elementor-column elementor-col-100 elementor-top-column elementor-element elementor-element-a898b69\" data-id=\"a898b69\" data-element_type=\"column\" data-e-type=\"column\">\n\t\t\t<div class=\"elementor-widget-wrap elementor-element-populated\">\n\t\t\t\t\t\t<div class=\"elementor-element elementor-element-6f54017 elementor-widget elementor-widget-text-editor\" data-id=\"6f54017\" data-element_type=\"widget\" data-e-type=\"widget\" data-widget_type=\"text-editor.default\">\n\t\t\t\t<div class=\"elementor-widget-container\">\n\t\t\t\t\t\t\t\t\t<p align=\"justify\">Ok, esta \u00e9 parte chata da hist\u00f3ria. Mas \u00e9&nbsp; necess\u00e1ria para nosso bom relacionamento. Os textos publicados aqui no site s\u00e3o de propriedade intelectual de seus autores. O blog apenas det\u00e9m o direito para publica\u00e7\u00e3o como um post, registrando com clareza a autoria do texto.<\/p>\n<p align=\"justify\">Se voc\u00ea gostou dos nossos textos, cite-os \u00e0 vontade, mas n\u00e3o os copie na \u00edntegra. N\u00e3o \u00e9 permitida a reprodu\u00e7\u00e3o integral do conte\u00fado. A reprodu\u00e7\u00e3o parcial \u00e9 permitida apenas na forma de cita\u00e7\u00e3o e com link para o conte\u00fado na \u00edntegra. Algumas pessoas as vezes se esquecem, mas pl\u00e1gio \u00e9 crime previsto em lei. Ent\u00e3o, seja criativo e d\u00ea asas \u00e0 sua imagina\u00e7\u00e3o.<\/p>\n<p align=\"justify\">\u00c9 importante lembrar que at\u00e9 o momento&nbsp;<span style=\"color: var( --e-global-color-text ); font-family: var( --e-global-typography-text-font-family ), Sans-serif;\"><b style=\"font-style: italic;\">nenhum de nossos colunistas tem exclusividade de publica\u00e7\u00e3o de conte\u00fados com o UBQ, <\/b>o que quer dizer que voc\u00ea eventualmente pode encontrar algum texto que apareceu por aqui publicado em outro ve\u00edculo, seja impresso ou digital<\/span><span style=\"color: var( --e-global-color-text ); font-family: var( --e-global-typography-text-font-family ), Sans-serif; font-weight: var( --e-global-typography-text-font-weight );\">. N\u00f3s inclusive estimulamos que nossos colaboradores busquem por novas oportunidades.<\/span><\/p><p align=\"justify\"><span style=\"color: var( --e-global-color-text ); font-family: var( --e-global-typography-text-font-family ), Sans-serif; font-weight: var( --e-global-typography-text-font-weight );\">A \u00fanica coisa que pedimos em troca \u00e9 que, caso a publica\u00e7\u00e3o tenha sido original do UBQ, seria bacana prestigiar nosso trabalho. Isso pode ser feito com uma refer\u00eancia ao link original. Algo como: <i>&#8220;<\/i><\/span><span style=\"color: var( --e-global-color-text ); font-family: var( --e-global-typography-text-font-family ), Sans-serif; font-weight: var( --e-global-typography-text-font-weight );\"><i>publicado originalmente no site &#8216;Um Blog Qualquer&#8217; em 00\/00\/0000&#8243;<\/i>, com a liga\u00e7\u00e3o para a publica\u00e7\u00e3o original.<\/span><\/p>\n<p align=\"justify\">Os v\u00eddeos do canal Um Blog Qualquer no YouTube s\u00e3o de autoria de&nbsp;<a href=\"https:\/\/about.me\/ricardomarques\">Ricardo Marques<\/a>&nbsp;e suas atribui\u00e7\u00f5es legais est\u00e3o definidas pela pol\u00edticas de publica\u00e7\u00e3o do YouTube. A princ\u00edpio, voc\u00ea pode cit\u00e1-lo ou mesmo inclu\u00ed-lo em seu conte\u00fado, desde que fa\u00e7a refer\u00eancia ao link original.<\/p>\n<p align=\"justify\">O conte\u00fado do Podcast \u201cUm Papo Qualquer\u201d est\u00e1 licenciado sob uma Licen\u00e7a&nbsp;<a href=\"http:\/\/creativecommons.org\/licenses\/by-nc-nd\/4.0\/\" rel=\"license\">Creative Commons &#8211; Atribui\u00e7\u00e3o-N\u00e3oComercial-SemDeriva\u00e7\u00f5es 4.0 Internacional<\/a>.<\/p>\n<p align=\"justify\">As imagens existentes neste site pertencem aos seus respectivos detentores\/criadores e s\u00e3o utilizadas aqui sem nenhuma finalidade comercial, exce\u00e7\u00e3o feita aos an\u00fancios patrocinados do Google e da Amazon. \u00c9 assegurado ao seu detentor a inclus\u00e3o de todas as refer\u00eancias que se fizerem necess\u00e1rias a fim de garantir seus direitos legais. O mesmo vale para nomes comerciais eventualmente citados nos textos.<\/p>\n<p align=\"justify\">Caso encontre alguma imagem que n\u00e3o seja autorizada a sua utiliza\u00e7\u00e3o, <a href=\"https:\/\/umblogqualquer.com.br\/index.php\/principal\/\" target=\"_blank\" rel=\"noopener\">entre em contato para que o conte\u00fado seja retirado ou retificado<\/a>. Nossa inten\u00e7\u00e3o \u00e9 sempre preservar o direito autoral.<\/p>\n<p align=\"justify\">N\u00e3o copie o conte\u00fado alheio sem a devida autoriza\u00e7\u00e3o. Sugerimos a leitura do excelente artigo do designer&nbsp;<a href=\"http:\/\/fabiolobo.com.br\/\">F\u00e1bio Lobo<\/a>&nbsp;entitulado &#8220;<a href=\"http:\/\/fabiolobo.com.br\/5-motivos-para-voce-nao-copiar-um-conteudo-na-integra.html\">5 motivos para voc\u00ea n\u00e3o copiar um conte\u00fado na \u00edntegra<\/a>&#8221; para entender as raz\u00f5es de todos aqueles que querem preservar sua criatividade.<\/p>\t\t\t\t\t\t\t\t<\/div>\n\t\t\t\t<\/div>\n\t\t\t\t\t<\/div>\n\t\t<\/div>\n\t\t\t\t\t<\/div>\n\t\t<\/section>\n\t\t\t\t<\/div>\n\t\t","protected":false},"excerpt":{"rendered":"<p>Ok, esta \u00e9 parte chata da hist\u00f3ria. Mas \u00e9&nbsp; necess\u00e1ria para nosso bom relacionamento. Os textos publicados aqui no site s\u00e3o de propriedade intelectual de&hellip;<\/p>\n","protected":false},"author":2,"featured_media":0,"parent":0,"menu_order":0,"comment_status":"closed","ping_status":"closed","template":"","meta":{"rop_custom_images_group":[],"rop_custom_messages_group":[],"rop_publish_now":"initial","rop_publish_now_accounts":{"twitter_2267886176_2267886176":"","facebook_6260826503938377_535350576571812":""},"rop_publish_now_history":[],"rop_publish_now_status":"pending","_monsterinsights_skip_tracking":false,"_monsterinsights_sitenote_active":false,"_monsterinsights_sitenote_note":"","_monsterinsights_sitenote_category":0,"footnotes":""},"class_list":["post-6564","page","type-page","status-publish","hentry"],"yoast_head":"<!-- This site is optimized with the Yoast SEO plugin v27.4 - https:\/\/yoast.com\/product\/yoast-seo-wordpress\/ -->\n<title>Direitos Autorais - Um Blog Qualquer<\/title>\n<meta name=\"robots\" content=\"index, follow, max-snippet:-1, max-image-preview:large, max-video-preview:-1\" \/>\n<link rel=\"canonical\" href=\"https:\/\/umblogqualquer.com.br\/index.php\/elementor-6564\/\" \/>\n<meta property=\"og:locale\" content=\"pt_BR\" \/>\n<meta property=\"og:type\" content=\"article\" \/>\n<meta property=\"og:title\" content=\"Direitos Autorais - Um Blog Qualquer\" \/>\n<meta property=\"og:description\" content=\"Ok, esta \u00e9 parte chata da hist\u00f3ria. Mas \u00e9&nbsp; necess\u00e1ria para nosso bom relacionamento. Os textos publicados aqui no site s\u00e3o de propriedade intelectual de&hellip;\" \/>\n<meta property=\"og:url\" content=\"https:\/\/umblogqualquer.com.br\/index.php\/elementor-6564\/\" \/>\n<meta property=\"og:site_name\" content=\"Um Blog Qualquer\" \/>\n<meta property=\"article:publisher\" content=\"http:\/\/www.facebook.com\/UmBlogQualquer\" \/>\n<meta property=\"article:modified_time\" content=\"2024-10-31T01:00:30+00:00\" \/>\n<meta property=\"og:image\" content=\"https:\/\/umblogqualquer.com.br\/wp-content\/uploads\/2024\/10\/institucional-capa_pagina-copyright1.png\" \/>\n\t<meta property=\"og:image:width\" content=\"960\" \/>\n\t<meta property=\"og:image:height\" content=\"320\" \/>\n\t<meta property=\"og:image:type\" content=\"image\/png\" \/>\n<meta name=\"twitter:card\" content=\"summary_large_image\" \/>\n<meta name=\"twitter:site\" content=\"@UmBlogQualquer\" \/>\n<meta name=\"twitter:label1\" content=\"Est. tempo de leitura\" \/>\n\t<meta name=\"twitter:data1\" content=\"3 minutos\" \/>\n<script type=\"application\/ld+json\" class=\"yoast-schema-graph\">{\"@context\":\"https:\\\/\\\/schema.org\",\"@graph\":[{\"@type\":\"WebPage\",\"@id\":\"https:\\\/\\\/umblogqualquer.com.br\\\/index.php\\\/elementor-6564\\\/\",\"url\":\"https:\\\/\\\/umblogqualquer.com.br\\\/index.php\\\/elementor-6564\\\/\",\"name\":\"Direitos Autorais - Um Blog Qualquer\",\"isPartOf\":{\"@id\":\"https:\\\/\\\/umblogqualquer.com.br\\\/#website\"},\"primaryImageOfPage\":{\"@id\":\"https:\\\/\\\/umblogqualquer.com.br\\\/index.php\\\/elementor-6564\\\/#primaryimage\"},\"image\":{\"@id\":\"https:\\\/\\\/umblogqualquer.com.br\\\/index.php\\\/elementor-6564\\\/#primaryimage\"},\"thumbnailUrl\":\"https:\\\/\\\/umblogqualquer.com.br\\\/wp-content\\\/uploads\\\/2024\\\/10\\\/institucional-capa_pagina-copyright1.png\",\"datePublished\":\"2023-02-14T16:18:18+00:00\",\"dateModified\":\"2024-10-31T01:00:30+00:00\",\"breadcrumb\":{\"@id\":\"https:\\\/\\\/umblogqualquer.com.br\\\/index.php\\\/elementor-6564\\\/#breadcrumb\"},\"inLanguage\":\"pt-BR\",\"potentialAction\":[{\"@type\":\"ReadAction\",\"target\":[\"https:\\\/\\\/umblogqualquer.com.br\\\/index.php\\\/elementor-6564\\\/\"]}]},{\"@type\":\"ImageObject\",\"inLanguage\":\"pt-BR\",\"@id\":\"https:\\\/\\\/umblogqualquer.com.br\\\/index.php\\\/elementor-6564\\\/#primaryimage\",\"url\":\"https:\\\/\\\/umblogqualquer.com.br\\\/wp-content\\\/uploads\\\/2024\\\/10\\\/institucional-capa_pagina-copyright1.png\",\"contentUrl\":\"https:\\\/\\\/umblogqualquer.com.br\\\/wp-content\\\/uploads\\\/2024\\\/10\\\/institucional-capa_pagina-copyright1.png\",\"width\":960,\"height\":320},{\"@type\":\"BreadcrumbList\",\"@id\":\"https:\\\/\\\/umblogqualquer.com.br\\\/index.php\\\/elementor-6564\\\/#breadcrumb\",\"itemListElement\":[{\"@type\":\"ListItem\",\"position\":1,\"name\":\"In\u00edcio\",\"item\":\"https:\\\/\\\/umblogqualquer.com.br\\\/\"},{\"@type\":\"ListItem\",\"position\":2,\"name\":\"Direitos Autorais\"}]},{\"@type\":\"WebSite\",\"@id\":\"https:\\\/\\\/umblogqualquer.com.br\\\/#website\",\"url\":\"https:\\\/\\\/umblogqualquer.com.br\\\/\",\"name\":\"Um Blog Qualquer\",\"description\":\"Opini\u00e3o, Informa\u00e7\u00e3o e Entretenimento\",\"publisher\":{\"@id\":\"https:\\\/\\\/umblogqualquer.com.br\\\/#organization\"},\"potentialAction\":[{\"@type\":\"SearchAction\",\"target\":{\"@type\":\"EntryPoint\",\"urlTemplate\":\"https:\\\/\\\/umblogqualquer.com.br\\\/?s={search_term_string}\"},\"query-input\":{\"@type\":\"PropertyValueSpecification\",\"valueRequired\":true,\"valueName\":\"search_term_string\"}}],\"inLanguage\":\"pt-BR\"},{\"@type\":\"Organization\",\"@id\":\"https:\\\/\\\/umblogqualquer.com.br\\\/#organization\",\"name\":\"Um Blog QUalquer\",\"url\":\"https:\\\/\\\/umblogqualquer.com.br\\\/\",\"logo\":{\"@type\":\"ImageObject\",\"inLanguage\":\"pt-BR\",\"@id\":\"https:\\\/\\\/umblogqualquer.com.br\\\/#\\\/schema\\\/logo\\\/image\\\/\",\"url\":\"https:\\\/\\\/umblogqualquer.com.br\\\/wp-content\\\/uploads\\\/2022\\\/06\\\/perfil-id-um-blog-qualquer.png\",\"contentUrl\":\"https:\\\/\\\/umblogqualquer.com.br\\\/wp-content\\\/uploads\\\/2022\\\/06\\\/perfil-id-um-blog-qualquer.png\",\"width\":1200,\"height\":1200,\"caption\":\"Um Blog QUalquer\"},\"image\":{\"@id\":\"https:\\\/\\\/umblogqualquer.com.br\\\/#\\\/schema\\\/logo\\\/image\\\/\"},\"sameAs\":[\"http:\\\/\\\/www.facebook.com\\\/UmBlogQualquer\",\"https:\\\/\\\/x.com\\\/UmBlogQualquer\",\"http:\\\/\\\/www.instagram.com\\\/1blogqualquer\",\"http:\\\/\\\/www.youtube.com\\\/UmBlogQualquer\"]}]}<\/script>\n<!-- \/ Yoast SEO plugin. -->","yoast_head_json":{"title":"Direitos Autorais - Um Blog Qualquer","robots":{"index":"index","follow":"follow","max-snippet":"max-snippet:-1","max-image-preview":"max-image-preview:large","max-video-preview":"max-video-preview:-1"},"canonical":"https:\/\/umblogqualquer.com.br\/index.php\/elementor-6564\/","og_locale":"pt_BR","og_type":"article","og_title":"Direitos Autorais - Um Blog Qualquer","og_description":"Ok, esta \u00e9 parte chata da hist\u00f3ria. Mas \u00e9&nbsp; necess\u00e1ria para nosso bom relacionamento. Os textos publicados aqui no site s\u00e3o de propriedade intelectual de&hellip;","og_url":"https:\/\/umblogqualquer.com.br\/index.php\/elementor-6564\/","og_site_name":"Um Blog Qualquer","article_publisher":"http:\/\/www.facebook.com\/UmBlogQualquer","article_modified_time":"2024-10-31T01:00:30+00:00","og_image":[{"width":960,"height":320,"url":"https:\/\/umblogqualquer.com.br\/wp-content\/uploads\/2024\/10\/institucional-capa_pagina-copyright1.png","type":"image\/png"}],"twitter_card":"summary_large_image","twitter_site":"@UmBlogQualquer","twitter_misc":{"Est. tempo de leitura":"3 minutos"},"schema":{"@context":"https:\/\/schema.org","@graph":[{"@type":"WebPage","@id":"https:\/\/umblogqualquer.com.br\/index.php\/elementor-6564\/","url":"https:\/\/umblogqualquer.com.br\/index.php\/elementor-6564\/","name":"Direitos Autorais - Um Blog Qualquer","isPartOf":{"@id":"https:\/\/umblogqualquer.com.br\/#website"},"primaryImageOfPage":{"@id":"https:\/\/umblogqualquer.com.br\/index.php\/elementor-6564\/#primaryimage"},"image":{"@id":"https:\/\/umblogqualquer.com.br\/index.php\/elementor-6564\/#primaryimage"},"thumbnailUrl":"https:\/\/umblogqualquer.com.br\/wp-content\/uploads\/2024\/10\/institucional-capa_pagina-copyright1.png","datePublished":"2023-02-14T16:18:18+00:00","dateModified":"2024-10-31T01:00:30+00:00","breadcrumb":{"@id":"https:\/\/umblogqualquer.com.br\/index.php\/elementor-6564\/#breadcrumb"},"inLanguage":"pt-BR","potentialAction":[{"@type":"ReadAction","target":["https:\/\/umblogqualquer.com.br\/index.php\/elementor-6564\/"]}]},{"@type":"ImageObject","inLanguage":"pt-BR","@id":"https:\/\/umblogqualquer.com.br\/index.php\/elementor-6564\/#primaryimage","url":"https:\/\/umblogqualquer.com.br\/wp-content\/uploads\/2024\/10\/institucional-capa_pagina-copyright1.png","contentUrl":"https:\/\/umblogqualquer.com.br\/wp-content\/uploads\/2024\/10\/institucional-capa_pagina-copyright1.png","width":960,"height":320},{"@type":"BreadcrumbList","@id":"https:\/\/umblogqualquer.com.br\/index.php\/elementor-6564\/#breadcrumb","itemListElement":[{"@type":"ListItem","position":1,"name":"In\u00edcio","item":"https:\/\/umblogqualquer.com.br\/"},{"@type":"ListItem","position":2,"name":"Direitos Autorais"}]},{"@type":"WebSite","@id":"https:\/\/umblogqualquer.com.br\/#website","url":"https:\/\/umblogqualquer.com.br\/","name":"Um Blog Qualquer","description":"Opini\u00e3o, Informa\u00e7\u00e3o e Entretenimento","publisher":{"@id":"https:\/\/umblogqualquer.com.br\/#organization"},"potentialAction":[{"@type":"SearchAction","target":{"@type":"EntryPoint","urlTemplate":"https:\/\/umblogqualquer.com.br\/?s={search_term_string}"},"query-input":{"@type":"PropertyValueSpecification","valueRequired":true,"valueName":"search_term_string"}}],"inLanguage":"pt-BR"},{"@type":"Organization","@id":"https:\/\/umblogqualquer.com.br\/#organization","name":"Um Blog QUalquer","url":"https:\/\/umblogqualquer.com.br\/","logo":{"@type":"ImageObject","inLanguage":"pt-BR","@id":"https:\/\/umblogqualquer.com.br\/#\/schema\/logo\/image\/","url":"https:\/\/umblogqualquer.com.br\/wp-content\/uploads\/2022\/06\/perfil-id-um-blog-qualquer.png","contentUrl":"https:\/\/umblogqualquer.com.br\/wp-content\/uploads\/2022\/06\/perfil-id-um-blog-qualquer.png","width":1200,"height":1200,"caption":"Um Blog QUalquer"},"image":{"@id":"https:\/\/umblogqualquer.com.br\/#\/schema\/logo\/image\/"},"sameAs":["http:\/\/www.facebook.com\/UmBlogQualquer","https:\/\/x.com\/UmBlogQualquer","http:\/\/www.instagram.com\/1blogqualquer","http:\/\/www.youtube.com\/UmBlogQualquer"]}]}},"_links":{"self":[{"href":"https:\/\/umblogqualquer.com.br\/index.php\/wp-json\/wp\/v2\/pages\/6564","targetHints":{"allow":["GET"]}}],"collection":[{"href":"https:\/\/umblogqualquer.com.br\/index.php\/wp-json\/wp\/v2\/pages"}],"about":[{"href":"https:\/\/umblogqualquer.com.br\/index.php\/wp-json\/wp\/v2\/types\/page"}],"author":[{"embeddable":true,"href":"https:\/\/umblogqualquer.com.br\/index.php\/wp-json\/wp\/v2\/users\/2"}],"replies":[{"embeddable":true,"href":"https:\/\/umblogqualquer.com.br\/index.php\/wp-json\/wp\/v2\/comments?post=6564"}],"version-history":[{"count":27,"href":"https:\/\/umblogqualquer.com.br\/index.php\/wp-json\/wp\/v2\/pages\/6564\/revisions"}],"predecessor-version":[{"id":8225,"href":"https:\/\/umblogqualquer.com.br\/index.php\/wp-json\/wp\/v2\/pages\/6564\/revisions\/8225"}],"wp:attachment":[{"href":"https:\/\/umblogqualquer.com.br\/index.php\/wp-json\/wp\/v2\/media?parent=6564"}],"curies":[{"name":"wp","href":"https:\/\/api.w.org\/{rel}","templated":true}]}}